 8) in base 12?
-2a5a719
What is -955c (base 15) in base 3?
-1121022220
735104 (base 9) to base 6
13210004
What is 11001011010001100000 (base 2) in base 14?
179600
Convert -22200203 (base 4) to base 7.
-236330
-11101010101000000000 (base 2) to base 3
-1210211021111
What is -14d5dd (base 14) in base 8?
-2616417
-1123244330 (base 5) to base 10
-2556215
What is -221c5aa (base 13) in base 14?
-1561118
-122100201100220 (base 3) to base 9
-18321326
Convert -30543 (base 6) to base 8.
-7777
What is 324246 (base 11) in base 10?
518051
Convert -59993 (base 16) to base 14.
-97a5d
Convert -1430434 (base 6) to base 13.
-2b315
What is -185160 (base 13) in base 9?
-1131133
What is -111200122120 (base 3) in base 14?
-702c3
-1002322 (base 5) to base 13
-735b
-21031432 (base 5) to base 12
-84834
What is 201a (base 13) in base 6?
32241
-a9b58a (base 15) to base 4
-132312203023
Convert -1010011011101101 (base 2) to base 11.
-2a119
Convert 1110002111 (base 3) to base 12.
145aa
Convert -17a183 (base 11) to base 4.
-1003221010
What is 110111100 (base 2) in base 15?
1e9
Convert 12633506 (base 7) to base 12.
484032
-100100001001101010 (base 2) to base 12
-71836
What is 8cb5b4 (base 13) in base 11?
198007a
Convert 4350e1 (base 16) to base 15.
5c222c
What is -1213300042 (base 5) in base 16?
-2bc624
What is -a94b78 (base 13) in base 6?
-221153141
-3131b2 (base 12) to base 2
-10111100101001010110
10321102311 (base 4) to base 10
1283253
Convert -5864550 (base 10) to base 14.
-ac9326
Convert 3062c (base 16) to base 9.
331768
What is -841e4 (base 16) in base 3?
-1000111022211
-14970670 (base 10) to base 8
-71067456
Convert 1331212 (base 5) to base 3.
1101010010
Convert 23167772 (base 8) to base 10.
5042170
What is -324130021 (base 6) in base 5?
-2441001041
2405503 (base 6) to base 9
211353
What is -6da7ae (base 16) in base 11?
-4069236
Convert -a9137 (base 16) to base 5.
-134130120
-1430644 (base 7) to base 12
-9341a
What is -2cc3446 (base 13) in base 3?
-1000012121021121
Convert 33030021332 (base 4) to base 11.
227a775
Convert -121651265 (base 7) to base 12.
-2686b5b
Convert 522124 (base 10) to base 13.
153865
Convert -1436546 (base 7) to base 11.
-123083
Convert -6523444 (base 7) to base 6.
-25021044
Convert 48497b (base 16) to base 4.
102010211323
-423222341 (base 5) to base 12
-716393
What is 1554541 (base 6) in base 15?
1c8aa
175a (base 12) to base 6
20554
What is -244870 (base 12) in base 15?
-b96a6
Convert -565577 (base 11) to base 14.
-196217
2451757 (base 8) to base 14
138943
What is -3ba69 (base 12) in base 5?
-10121422
Convert 1160066 (base 11) to base 4.
13231102302
36153263 (base 7) to base 12
10a774b
963cba (base 14) to base 10
5081660
What is 265417a (base 11) in base 10?
4588165
Convert -101110001100101 (base 2) to base 10.
-23653
What is -1001000110010010111 (base 2) in base 11?
-193aa2
What is -35314200 (base 6) in base 16?
-10c398
Convert 1710641 (base 9) to base 12.
39aa24
3477c (base 16) to base 10
214908
Convert -1857752 (base 9) to base 12.
-42326b
437700 (base 8) to base 3
21111011222
315235 (base 7) to base 15
112e1
Convert -1aead (base 15) to base 9.
-143251
Convert 1100000010001010101001 (base 2) to base 14.
5c18c9
What is -210440324 (base 6) in base 3?
-20220201221121
What is 10122010221020 (base 3) in base 14?
38401c
What is 235525 (base 7) in base 5?
2332141
Convert 202001444 (base 5) to base 15.
110c34
202022212012 (base 4) to base 2
100010001010100110000110
What is 61b46 (base 15) in base 7?
2426550
Convert -11132604 (base 8) to base 9.
-4466071
What is 611670 (base 9) in base 2?
1011000011010010101
What is -c8d (base 15) in base 2?
-101100010001
2379 (base 12) to base 7
14415
What is 43504105 (base 6) in base 3?
2110000120112
What is 7158218 (base 9) in base 16?
3a41e0
What is 312041123 (base 6) in base 13?
1178b65
Convert 3706103 (base 10) to base 9.
6867732
Convert -479281 (base 12) to base 15.
-17c997
What is -1630468 (base 10) in base 15?
-22317d
Convert 3425055 (base 6) to base 10.
174779
Convert 23431123 (base 5) to base 15.
4475d
What is 4705242 (base 8) in base 15?
1a46d4
54333 (base 6) to base 8
16461
What is 22002210010 (base 3) in base 8?
467404
-41779 (base 12) to base 7
-505032
Convert -161366 (base 8) to base 12.
-2975a
Convert -12221122111 (base 3) to base 12.
-57934
-153440120 (base 6) to base 2
-1100011010110100110000
What is 5cd76 (base 14) in base 8?
674514
-5155758 (base 10) to base 12
-18877a6
Convert 130231301110 (base 4) to base 3.
112011102210121
What is 23a48 (base 15) in base 10?
113693
Convert -141200302 (base 5) to base 3.
-1100211121201
-1748984 (base 12) to base 5
-2213412342
Convert -2202334004 (base 5) to base 14.
-8b1d32
Convert -221220102200110 (base 3) to base 5.
-12011020214
-210122210210121 (base 3) to base 14
-1758c56
What is 45611a9 (base 11) in base 4?
132130131310
What is -14940c0 (base 13) in base 6?
-352553330
What is -352652 (base 10) in base 14?
-92736
-7352188 (base 10) to base 2
-11100000010111101111100
What is 556876 (base 11) in base 13?
250c60
Convert 68d5c (base 14) to base 11.
16470a
What is -a040a5 (base 12) in base 3?
-11200202222122
What is 3622474 (base 8) in base 15?
149167
Convert -26a7147 (base 12) to base 13.
-1790a13
-311112 (base 10) to base 5
-34423422
-38184a (base 14) to base 9
-3553756
What is 2100014 (base 6) in base 2?
11000101011101010
1b8b2a0 (base 12) to base 15
7ba9b0
48070a (base 13) to base 16
1a2aa5
What is 211212020202 (base 3) in base 7?
3552611
100100122120200 (base 3) to base 6
254330500
Convert -120221210212022 (base 3) to base 16.
-81638c
Convert 21461 (base 9) to base 13.
6628
Convert 43657 (base 11) to base 12.
307a9
What is 10100100011101110 (base 2) in base 12?
40892
What is 331431420 (base 5) in base 9?
2628434
-10012222 (base 8) to base 5
-1014234133
485e (base 16) to base 5
1043101
What is -4443210030 (base 5) in base 3?
-200022220111121
-ab73c0 (base 15) to base 5
-4043100410
What is -3037784 (base 9) in base 15?
-21edd7
-1201121101212 (base 3) to base 13
-261734
Convert 11b68 (base 16) to base 8.
215550
What is -416125 (base 7) in base 4?
-101201023
Convert 4383a3 (base 11) to base 12.
2987ab
Convert -21022212012 (base 3) to base 4.
-203031233
Convert 210617 (base 8) to base 14.
1b743
Convert 11111001111101100110001 (base 2) to base 7.
126422536
Convert -101066 (base 11) to base 2.
-100111101010010110
What is 122113031 (base 4) in base 3?
12111010022
What is -8279604 (base 10) in base 13?
-193b798
-21032313223 (base 4) to base 2
-1001001110110111101011
What is -2840193 (base 11) in base 4?
-102221323031
Convert -1000120000221 (base 3) to base 5.
-114324101
-51524115 (base 7) to base 15
-5a6a09
Convert 143290 (base 10) to base 11.
98724
-102233112 (base 4) to base 15
-17b23
What is -6886b1 (base 12) in base 9?
-3130787
What is -246063 (base 8) in base 12?
-4126b
Convert 1639570 (base 11) to base 7.
32516042
What is -1011011010011100100 (base 2) in base 4?
-1123103210
-1754733 (base 9) to base 6
-33010050
What is -20040263 (base 7) in base 2?
-110010100100000000001
Convert 141411430 (base 5) to base 13.
1c8307
1412043243 (base 5) to base 14
6a61d2
1206666 (base 9) to base 7
5364021
What is -30087 (base 12) in base 10?
-62311
What is 1010212112020 (base 3) in base 10?
607641
Convert 468c8 (base 13) to base 8.
373656
Convert -248d7 (base 16) to base 13.
-531bb
What is -416566 (base 7) in base 5?
-4300410
What is 354222002 (base 6) in base 4?
121112000102
-358db (base 14) to base 2
-11111111010101001
What is 16a1358 (base 12) in base 4?
101320222310
Convert -19402 (base 12) to base 2.
-1001000000000010
What is -1022310200 (base 4) in base 5?
-34301324
What is -10316 (base 10) in base 7?
-42035
Convert -4fa299 (base 16) to base 14.
-99bd57
Convert 8891134 (base 11) to base 15.
1580754
-e9db45 (base 16) to base 2
-111010011101101101000101
What is 1011010100 (base 4) in base 12?
117868
Convert -23533511 (base 6) to base 5.
-142242233
-103201102322 (base 4) to base 13
-10a21a2
What is -16922 (base 10) in base 14?
-624a
-21202201212222 (base 3) to base 14
-796669
Convert 101201101102120 (base 3) to base 5.
2424232424
-1042281 (base 10) to base 12
-423209
Convert -a45185 (base 11) to base 10.
-1675943
10221000000121 (base 3) to base 2
111111101011000001110
Con